{"id":89,"date":"2022-04-26T20:45:15","date_gmt":"2022-04-26T18:45:15","guid":{"rendered":"http:\/\/wnoz.up.wroc.pl\/pttz\/?page_id=89"},"modified":"2026-03-04T08:38:44","modified_gmt":"2026-03-04T07:38:44","slug":"wladze","status":"publish","type":"page","link":"https:\/\/pttz.wroclaw.pl\/en\/wladze\/","title":{"rendered":"W\u0142adze"},"content":{"rendered":"<h1 class=\"wp-block-heading\">Sk\u0142ad Zarz\u0105du Oddzia\u0142u Wroc\u0142awskiego PTT\u017b na kadencj\u0119 2026-2029:<\/h1>\n\n\n\n<p><\/p>\n\n\n\n<p>KONTAKT: pttz.wroc@gmail.com<\/p>\n\n\n\n<h2 class=\"wp-block-heading\">Prezes Zarz\u0105du Oddzia\u0142u<\/h2>\n\n\n\n<p><strong>dr in\u017c. Anna Kancelista<\/strong><\/p>\n\n\n\n<p>anna.kancelista@upwr.edu.pl<\/p>\n\n\n\n<h2 class=\"wp-block-heading\">Z-ca Prezesa Zarz\u0105du Oddzia\u0142u<\/h2>\n\n\n\n<p><strong>dr in\u017c. Gabriela Iwona Haraf<\/strong><\/p>\n\n\n\n<p>gabriela.haraf@ue.wroc.pl<\/p>\n\n\n\n<h2 class=\"wp-block-heading\">Skarbnik Zarz\u0105du Oddzia\u0142u<\/h2>\n\n\n\n<p><strong>dr hab. in\u017c. Anna Marietta Salejda<\/strong>, <strong>prof. uczelni<\/strong><\/p>\n\n\n\n<p>anna.salejda@upwr.edu.pl<\/p>\n\n\n\n<h2 class=\"wp-block-heading\">Sekretarz Zarz\u0105du Oddzia\u0142u<\/h2>\n\n\n\n<p><strong>dr hab. in\u017c. Ma\u0142gorzata Kapelko-\u017beberska, prof. uczelni<\/strong><\/p>\n\n\n\n<p>malgorzata.kapelko@upwr.edu.pl<\/p>\n\n\n\n<h2 class=\"wp-block-heading\">Cz\u0142onkowie Zarz\u0105du Oddzia\u0142u<\/h2>\n\n\n\n<div class=\"wp-block-group\"><div class=\"wp-block-group__inner-container is-layout-flow wp-block-group-is-layout-flow\">\n<p><strong>prof. dr hab. Anna Michalska-Ciechanowska<\/strong><\/p>\n\n\n\n<p>anna.michalska@upwr.edu.pl<\/p>\n\n\n\n<p style=\"line-height:1.5\"><\/p>\n<\/div><\/div>\n\n\n\n<div style=\"height:10px\" aria-hidden=\"true\" class=\"wp-block-spacer\"><\/div>\n\n\n\n<div class=\"wp-block-group\"><div class=\"wp-block-group__inner-container is-layout-flow wp-block-group-is-layout-flow\">\n<p><strong>dr in\u017c. Ewelina Ksi\u0105\u017cek<\/strong><\/p>\n\n\n\n<p>ewelina.ksiazek@ue.wroc.pl<\/p>\n<\/div><\/div>\n\n\n\n<div style=\"height:10px\" aria-hidden=\"true\" class=\"wp-block-spacer\"><\/div>\n\n\n\n<div class=\"wp-block-group\"><div class=\"wp-block-group__inner-container is-layout-flow wp-block-group-is-layout-flow\">\n<p><strong>dr in\u017c. Alan Gasi\u0144ski<\/strong><\/p>\n\n\n\n<p>alan.gasinski@upwr.edu.pl<\/p>\n\n\n\n<p><\/p>\n\n\n\n<p><\/p>\n\n\n\n<p><\/p>\n<\/div><\/div>","protected":false},"excerpt":{"rendered":"<p>Sk\u0142ad Zarz\u0105du Oddzia\u0142u Wroc\u0142awskiego PTT\u017b na kadencj\u0119 2026-2029: KONTAKT: pttz.wroc@gmail.com Prezes Zarz\u0105du Oddzia\u0142u dr in\u017c. Anna Kancelista anna.kancelista@upwr.edu.pl Z-ca Prezesa Zarz\u0105du Oddzia\u0142u dr in\u017c. Gabriela Iwona Haraf gabriela.haraf@ue.wroc.pl Skarbnik Zarz\u0105du Oddzia\u0142u dr hab. in\u017c. Anna Marietta Salejda, prof. uczelni anna.salejda@upwr.edu.pl Sekretarz Zarz\u0105du Oddzia\u0142u dr hab. in\u017c. Ma\u0142gorzata Kapelko-\u017beberska, prof. uczelni malgorzata.kapelko@upwr.edu.pl Cz\u0142onkowie Zarz\u0105du Oddzia\u0142u prof. &hellip; <\/p>\n<p class=\"link-more\"><a href=\"https:\/\/pttz.wroclaw.pl\/en\/wladze\/\" class=\"more-link\">Continue reading<span class=\"screen-reader-text\"> &#8222;W\u0142adze&#8221;<\/span><\/a><\/p>","protected":false},"author":1,"featured_media":0,"parent":0,"menu_order":0,"comment_status":"closed","ping_status":"closed","template":"","meta":{"footnotes":""},"class_list":["post-89","page","type-page","status-publish","hentry"],"_links":{"self":[{"href":"https:\/\/pttz.wroclaw.pl\/en\/wp-json\/wp\/v2\/pages\/89","targetHints":{"allow":["GET"]}}],"collection":[{"href":"https:\/\/pttz.wroclaw.pl\/en\/wp-json\/wp\/v2\/pages"}],"about":[{"href":"https:\/\/pttz.wroclaw.pl\/en\/wp-json\/wp\/v2\/types\/page"}],"author":[{"embeddable":true,"href":"https:\/\/pttz.wroclaw.pl\/en\/wp-json\/wp\/v2\/users\/1"}],"replies":[{"embeddable":true,"href":"https:\/\/pttz.wroclaw.pl\/en\/wp-json\/wp\/v2\/comments?post=89"}],"version-history":[{"count":10,"href":"https:\/\/pttz.wroclaw.pl\/en\/wp-json\/wp\/v2\/pages\/89\/revisions"}],"predecessor-version":[{"id":309,"href":"https:\/\/pttz.wroclaw.pl\/en\/wp-json\/wp\/v2\/pages\/89\/revisions\/309"}],"wp:attachment":[{"href":"https:\/\/pttz.wroclaw.pl\/en\/wp-json\/wp\/v2\/media?parent=89"}],"curies":[{"name":"wp","href":"https:\/\/api.w.org\/{rel}","templated":true}]}}

Władze

<h1 class="wp-block-heading">Skład Zarządu Oddziału Wrocławskiego PTTŻ na kadencję 2026-2029:</h1>



<p></p>



<p>KONTAKT: pttz.wroc@gmail.com</p>



<h2 class="wp-block-heading">Prezes Zarządu Oddziału</h2>



<p><strong>dr inż. Anna Kancelista</strong></p>



<p>anna.kancelista@upwr.edu.pl</p>



<h2 class="wp-block-heading">Z-ca Prezesa Zarządu Oddziału</h2>



<p><strong>dr inż. Gabriela Iwona Haraf</strong></p>



<p>gabriela.haraf@ue.wroc.pl</p>



<h2 class="wp-block-heading">Skarbnik Zarządu Oddziału</h2>



<p><strong>dr hab. inż. Anna Marietta Salejda</strong>, <strong>prof. uczelni</strong></p>



<p>anna.salejda@upwr.edu.pl</p>



<h2 class="wp-block-heading">Sekretarz Zarządu Oddziału</h2>



<p><strong>dr hab. inż. Małgorzata Kapelko-Żeberska, prof. uczelni</strong></p>



<p>malgorzata.kapelko@upwr.edu.pl</p>



<h2 class="wp-block-heading">Członkowie Zarządu Oddziału</h2>



<div class="wp-block-group"><div class="wp-block-group__inner-container is-layout-flow wp-block-group-is-layout-flow">
<p><strong>prof. dr hab. Anna Michalska-Ciechanowska</strong></p>



<p>anna.michalska@upwr.edu.pl</p>



<p style="line-height:1.5"></p>
</div></div>



<div style="height:10px" aria-hidden="true" class="wp-block-spacer"></div>



<div class="wp-block-group"><div class="wp-block-group__inner-container is-layout-flow wp-block-group-is-layout-flow">
<p><strong>dr inż. Ewelina Książek</strong></p>



<p>ewelina.ksiazek@ue.wroc.pl</p>
</div></div>



<div style="height:10px" aria-hidden="true" class="wp-block-spacer"></div>



<div class="wp-block-group"><div class="wp-block-group__inner-container is-layout-flow wp-block-group-is-layout-flow">
<p><strong>dr inż. Alan Gasiński</strong></p>



<p>alan.gasinski@upwr.edu.pl</p>



<p></p>



<p></p>



<p></p>
</div></div>

<p>Skład Zarządu Oddziału Wrocławskiego PTTŻ na kadencję 2026-2029: KONTAKT: pttz.wroc@gmail.com Prezes Zarządu Oddziału dr inż. Anna Kancelista anna.kancelista@upwr.edu.pl Z-ca Prezesa Zarządu Oddziału dr inż. Gabriela Iwona Haraf gabriela.haraf@ue.wroc.pl Skarbnik Zarządu Oddziału dr hab. inż. Anna Marietta Salejda, prof. uczelni anna.salejda@upwr.edu.pl Sekretarz Zarządu Oddziału dr hab. inż. Małgorzata Kapelko-Żeberska, prof. uczelni malgorzata.kapelko@upwr.edu.pl Członkowie Zarządu Oddziału prof. &hellip; </p>
<p class="link-more"><a href="https://pttz.wroclaw.pl/en/wladze/" class="more-link">Continue reading<span class="screen-reader-text"> &#8222;Władze&#8221;</span></a></p>
